s of 624537238?
2, 13, 24020663
List the prime factors of 164847142.
2, 41, 47, 42773
What are the prime factors of 3977651924?
2, 23, 47, 919901
List the prime factors of 4735456275.
3, 5, 11, 5739947
List the prime factors of 480107089.
7, 11, 41, 152077
List the prime factors of 151437722.
2, 75718861
What are the prime factors of 404764798?
2, 17, 1439, 8273
What are the prime factors of 291869216?
2, 31, 294223
What are the prime factors of 614502260?
2, 5, 41, 749393
List the prime factors of 644263451.
13, 47, 1054441
List the prime factors of 254023126.
2, 7, 41, 193, 2293
What are the prime factors of 1031646536?
2, 128955817
List the prime factors of 713679053.
12809, 55717
List the prime factors of 397457211.
3, 132485737
What are the prime factors of 257920784?
2, 11, 37, 39607
What are the prime factors of 20465040?
2, 3, 5, 71, 1201
What are the prime factors of 52026508?
2, 13006627
What are the prime factors of 2584252?
2, 11, 58733
What are the prime factors of 82603826?
2, 2539, 16267
List the prime factors of 1281266856.
2, 3, 1873, 3167
What are the prime factors of 67271238?
2, 3, 3737291
List the prime factors of 5126335.
5, 1025267
List the prime factors of 272692699.
17, 16040747
List the prime factors of 1887281614.
2, 157, 6010451
List the prime factors of 388192446.
2, 3, 233, 30853
List the prime factors of 120636155.
5, 179, 134789
What are the prime factors of 2564455237?
37, 59, 1174739
List the prime factors of 86231393.
23, 3749191
What are the prime factors of 84333237?
3, 31, 906809
What are the prime factors of 70781694?
2, 3, 821, 14369
What are the prime factors of 2611800307?
223, 541, 21649
What are the prime factors of 263314096?
2, 16457131
What are the prime factors of 487994433?
3, 67, 83, 29251
List the prime factors of 108279165.
3, 5, 601, 12011
List the prime factors of 441771.
3, 11, 1217
What are the prime factors of 1117371940?
2, 5, 5449, 10253
What are the prime factors of 932283005?
5, 97, 1922233
List the prime factors of 1503909552.
2, 3, 191, 164039
What are the prime factors of 2136116311?
7, 67, 4554619
List the prime factors of 1480511482.
2, 271, 2731571
List the prime factors of 37407599.
17, 19, 179, 647
List the prime factors of 89849311.
8867, 10133
What are the prime factors of 1413767546?
2, 263, 2687771
What are the prime factors of 1133179343?
1133179343
What are the prime factors of 52578797?
89, 193, 3061
What are the prime factors of 801979253?
29, 27654457
List the prime factors of 42358910.
2, 5, 11, 385081
List the prime factors of 63395254.
2, 13, 673, 3623
What are the prime factors of 485521101?
3, 13, 31, 44621
List the prime factors of 237302545.
5, 47460509
What are the prime factors of 177389370?
2, 3, 5, 41, 48073
List the prime factors of 2856259196.
2, 7, 14572751
What are the prime factors of 349194296?
2, 11, 239, 16603
What are the prime factors of 179422396?
2, 19, 41, 71, 811
List the prime factors of 336437718.
2, 3, 17, 41, 80449
List the prime factors of 1549983435.
3, 5, 7, 11, 13, 14747
List the prime factors of 991828308.
2, 3, 419, 197261
What are the prime factors of 53769924?
2, 3, 13, 19, 6047
What are the prime factors of 2359445172?
2, 3, 7, 563, 49891
What are the prime factors of 5419392922?
2, 29, 93437809
List the prime factors of 2468050167.
3, 11, 23, 337, 9649
List the prime factors of 67622247.
3, 7, 11, 97579
List the prime factors of 1882574141.
7, 268939163
What are the prime factors of 131279465?
5, 67, 391879
List the prime factors of 539515048.
2, 23, 2932147
What are the prime factors of 1308196255?
5, 11941, 21911
List the prime factors of 650663.
13, 50051
What are the prime factors of 133213160?
2, 5, 827, 4027
What are the prime factors of 82357057?
487, 169111
List the prime factors of 1604811969.
3, 178312441
What are the prime factors of 125745796?
2, 11, 31, 92189
What are the prime factors of 3936567132?
2, 3, 157, 696491
What are the prime factors of 1515273?
3, 505091
What are the prime factors of 161192905?
5, 37, 23549
What are the prime factors of 667883567?
13, 51375659
What are the prime factors of 160796559?
3, 7, 11, 211, 3299
What are the prime factors of 308710382?
2, 47, 139, 23627
What are the prime factors of 258629581?
7, 67, 149, 3701
What are the prime factors of 77081896?
2, 1381, 6977
What are the prime factors of 97464958?
2, 48732479
List the prime factors of 376412489.
29, 167, 77723
List the prime factors of 77292891.
3, 13, 59, 11197
List the prime factors of 5480228877.
3, 1826742959
What are the prime factors of 218286112?
2, 11, 727, 853
List the prime factors of 42145182.
2, 3, 31, 47, 1607
List the prime factors of 76269892.
2, 19067473
What are the prime factors of 148152258?
2, 3, 8230681
What are the prime factors of 1416071020?
2, 5, 7, 13, 778061
List the prime factors of 28801024.
2, 7, 41
What are the prime factors of 66713632?
2, 263, 7927
List the prime factors of 190218587.
13, 14632199
What are the prime factors of 1663400967?
3, 554466989
What are the prime factors of 2069710307?
7, 295672901
List the prime factors of 2435839.
7, 49711
List the prime factors of 163252383.
3, 7, 947, 8209
List the prime factors of 85902464.
2, 47, 109, 131
What are the prime factors of 31182312?
2, 3, 7, 313, 593
List the prime factors of 12751535.
5, 53, 48119
List the prime factors of 580891.
580891
What are the prime factors of 55154244?
2, 3, 4596187
List the prime factors of 17791872.
2, 3, 7, 6619
What are the prime factors of 134297187?
3, 19, 2356091
List the prime factors of 45810297.
3, 13, 127, 3083
List the prime factors of 43768274.
2, 11, 311, 6397
List the prime factors of 605679336.
2, 3, 53, 191, 277
List the prime factors of 87918320.
2, 5, 7, 19, 8263
What are the prime factors of 2675366681?
13, 31, 6638627
List the prime factors of 288538255.
5, 29, 1989919
What are the prime factors of 106552311?
3, 17, 67, 31183
List the prime factors of 21716312.
2, 2714539
List the prime factors of 1213662996.
2, 3, 7, 13, 370471
What are the prime factors of 3110045675?
5, 11, 1063, 10639
What are the prime factors of 40611361?
7, 41, 71, 1993
List the prime factors of 3491108665.
5, 11, 137, 463319
List the prime factors of 148188896.
2, 4630903
What are the prime factors of 5417458750?
2, 5, 11, 393997
List the prime factors of 183874805.
5, 17, 127249
List the prime factors of 53994152.
2, 947, 7127
List the prime factors of 3420148785.
3, 5, 29, 521, 15091
What are the prime factors of 328360381?
328360381
What are the prime factors of 91420597?
91420597
What are the prime factors of 2071001785?
5, 2663, 155539
List the prime factors of 24163775.
5, 37, 151, 173
List the prime factors of 392527123.
392527123
List the prime factors of 74851228.
2, 2741, 6827
What are the prime factors of 91125845?
5, 18225169
What are the prime factors of 653558395?
5, 7, 18673097
List the prime factors of 4590821273.
127, 36148199
List the prime factors of 3319605426.
2, 3, 31, 41, 71, 6131
What are the prime factors of 126795842?
2, 1523, 41627
List the prime factors of 244196217.
3, 1019, 26627
List the prime factors of 105023054.
2, 83, 632669
List the prime factors of 1161311419.
19249, 60331
List the prime factors of 332763385.
5, 37, 1798721
List the prime factors of 45658352.
2, 2853647
What are the prime factors of 1038681903?
3, 7, 557, 88799
List the prime factors of 2758863059.
2758863059
What are the prime factors of 3496379?
397, 8807
What are the prime factors of 700193857?
11, 63653987
What are the prime factors of 129686329?
129686329
What are the prime factors of 860574152?
2, 3049, 35281
List the prime factors of 69485369.
23, 859, 3517
What are the prime factors of 6718764584?
2, 7, 37, 3242647
List the prime factors of 2719604559.
3, 7, 277, 467527
List the prime factors of 276353757.
3, 647, 47459
What are the prime factors of 2611406350?
2, 5, 7, 37, 201653
List the prime factors of 1305916833.
3, 13, 33485047
List the prime factors of 64232341.
17, 31, 121883
List the prime factors of 5865376188.
2, 3, 7, 23, 61, 157, 317
List the prime factors of 556476825.
3, 5, 7419691
List the prime factors of 110432323.
17, 31, 209549
What are the prime factors of 197691546?
2, 3, 13, 